{"id":341,"date":"2024-04-03T16:35:44","date_gmt":"2024-04-03T14:35:44","guid":{"rendered":"https:\/\/www.gmkunstraum.de\/gm\/?page_id=341"},"modified":"2024-08-15T10:37:14","modified_gmt":"2024-08-15T08:37:14","slug":"kontakt-impressum","status":"publish","type":"page","link":"https:\/\/www.gmkunstraum.de\/gm\/kontakt-impressum\/","title":{"rendered":"Kontakt\/Impressum"},"content":{"rendered":"\t\t<div data-elementor-type=\"wp-page\" data-elementor-id=\"341\" class=\"elementor elementor-341\">\n\t\t\t\t<div class=\"elementor-element elementor-element-91f258c e-flex e-con-boxed e-con e-parent\" data-id=\"91f258c\" data-element_type=\"container\">\n\t\t\t\t\t<div class=\"e-con-inner\">\n\t\t\t\t\t<\/div>\n\t\t\t\t<\/div>\n\t\t<div class=\"elementor-element elementor-element-35beda9 e-flex e-con-boxed e-con e-parent\" data-id=\"35beda9\" data-element_type=\"container\">\n\t\t\t\t\t<div class=\"e-con-inner\">\n\t\t\t\t<div class=\"elementor-element elementor-element-72e7269 elementor-widget elementor-widget-heading\" data-id=\"72e7269\" data-element_type=\"widget\" data-widget_type=\"heading.default\">\n\t\t\t\t<div class=\"elementor-widget-container\">\n\t\t\t\t\t<h2 class=\"elementor-heading-title elementor-size-default\">KONTAKT<\/h2>\t\t\t\t<\/div>\n\t\t\t\t<\/div>\n\t\t\t\t\t<\/div>\n\t\t\t\t<\/div>\n\t\t<div class=\"elementor-element elementor-element-60da7e8 e-flex e-con-boxed e-con e-parent\" data-id=\"60da7e8\" data-element_type=\"container\">\n\t\t\t\t\t<div class=\"e-con-inner\">\n\t\t\t\t<div class=\"elementor-element elementor-element-7ab92bb elementor-widget elementor-widget-text-editor\" data-id=\"7ab92bb\" data-element_type=\"widget\" data-widget_type=\"text-editor.default\">\n\t\t\t\t<div class=\"elementor-widget-container\">\n\t\t\t\t\t\t\t\t\t<p>Gitta Martens<\/p><p>GM KunstRaum Pleetz<br \/>17099 Datzetal OT Pleetz<br \/>Rogaer Weg 2<\/p><p><a href=\"mailto:gitta.martens@gmx.de\">gitta.martens@gmx.de<\/a><\/p>\t\t\t\t\t\t\t\t<\/div>\n\t\t\t\t<\/div>\n\t\t\t\t\t<\/div>\n\t\t\t\t<\/div>\n\t\t<div class=\"elementor-element elementor-element-9192509 e-flex e-con-boxed e-con e-parent\" data-id=\"9192509\" data-element_type=\"container\">\n\t\t\t\t\t<div class=\"e-con-inner\">\n\t\t\t\t<div class=\"elementor-element elementor-element-2e3d54f elementor-widget elementor-widget-text-editor\" data-id=\"2e3d54f\" data-element_type=\"widget\" data-widget_type=\"text-editor.default\">\n\t\t\t\t<div class=\"elementor-widget-container\">\n\t\t\t\t\t\t\t\t\t<p>Wenn Sie mich zu Lesungen einladen oder als Sprecherin engagieren wollen, oder das Projekt \u201eEmilie Mayer, Komponistin aus Friedland\u201c<br \/>mit Lesung, Vortrag und Musikbeispielen buchen wollen, nehmen Sie bitte via <a href=\"mailto:gitta.martens@gmx.de\">e-Mail<\/a> mit mir Kontakt auf.<\/p>\t\t\t\t\t\t\t\t<\/div>\n\t\t\t\t<\/div>\n\t\t\t\t\t<\/div>\n\t\t\t\t<\/div>\n\t\t<div class=\"elementor-element elementor-element-7ddd4da e-flex e-con-boxed e-con e-parent\" data-id=\"7ddd4da\" data-element_type=\"container\">\n\t\t\t\t\t<div class=\"e-con-inner\">\n\t\t\t\t<div class=\"elementor-element elementor-element-28084d2 elementor-widget-divider--view-line elementor-widget elementor-widget-divider\" data-id=\"28084d2\" data-element_type=\"widget\" data-widget_type=\"divider.default\">\n\t\t\t\t<div class=\"elementor-widget-container\">\n\t\t\t\t\t\t\t<div class=\"elementor-divider\">\n\t\t\t<span class=\"elementor-divider-separator\">\n\t\t\t\t\t\t<\/span>\n\t\t<\/div>\n\t\t\t\t\t\t<\/div>\n\t\t\t\t<\/div>\n\t\t\t\t\t<\/div>\n\t\t\t\t<\/div>\n\t\t<div class=\"elementor-element elementor-element-a2461d7 e-flex e-con-boxed e-con e-parent\" data-id=\"a2461d7\" data-element_type=\"container\">\n\t\t\t\t\t<div class=\"e-con-inner\">\n\t\t\t\t<div class=\"elementor-element elementor-element-7c75560 elementor-widget elementor-widget-heading\" data-id=\"7c75560\" data-element_type=\"widget\" data-widget_type=\"heading.default\">\n\t\t\t\t<div class=\"elementor-widget-container\">\n\t\t\t\t\t<h2 class=\"elementor-heading-title elementor-size-default\">IMPRESSUM<\/h2>\t\t\t\t<\/div>\n\t\t\t\t<\/div>\n\t\t\t\t\t<\/div>\n\t\t\t\t<\/div>\n\t\t<div class=\"elementor-element elementor-element-ebd70f0 e-flex e-con-boxed e-con e-parent\" data-id=\"ebd70f0\" data-element_type=\"container\">\n\t\t\t\t\t<div class=\"e-con-inner\">\n\t\t\t\t<div class=\"elementor-element elementor-element-ec3b45f elementor-widget__width-initial elementor-widget elementor-widget-text-editor\" data-id=\"ec3b45f\" data-element_type=\"widget\" data-widget_type=\"text-editor.default\">\n\t\t\t\t<div class=\"elementor-widget-container\">\n\t\t\t\t\t\t\t\t\t<p class=\"Seitentitel Stil21\"><span class=\"Stil21\">Rechtliche Hinweise<\/span><\/p><p class=\"Stil21\">Haftungsausschluss und Urheberrecht<\/p><p class=\"Stil21\">1. Inhalt Internetseiten:<br \/>Der Inhalt dieser Internetseiten wurde mit gr\u00f6\u00dftm\u00f6glicher Sorgfalt zusammengestellt. Trotz aller Bem\u00fchungen sind Irrt\u00fcmer und Interpretationsfehler m\u00f6glich. Der Autor \u00fcbernimmt daher keinerlei Gew\u00e4hr f\u00fcr die Aktualit\u00e4t, Vollst\u00e4ndigkeit, Richtigkeit oder Qualit\u00e4t der bereitgestellten Informationen. Haftungsanspr\u00fcche gegen den Autor, welche sich auf Sch\u00e4den materieller oder ideeller Art beziehen, die durch die Nutzung oder Nichtnutzung der dargebotenen Informationen bzw. durch die Nutzung fehlerhafter und unvollst\u00e4ndiger Informationen verursacht wurden, sind grunds\u00e4tzlich ausgeschlossen.<\/p><p class=\"Stil21\">2. Hinweise oder Links<br \/>Der Autor erkl\u00e4rt hiermit ausdr\u00fccklich, dass zum Zeitpunkt der Linksetzung oder Hinweissetzung keine illegalen Inhalte auf den verlinkten Seiten erkennbar waren.<br \/>Mit Urteil vom 12.5.1998 (AZ 312 O 85\/98) \u201eHaftung f\u00fcr Links\u201c hat das Landgericht Hamburg entschieden, dass derjenige, der Links zu anderen Webseiten herstellt, die Inhalte der gelinkten Seite ggf. mit verantwortet. Dies kann nach diesem Urteil nur dadurch verhindert werden, dass der \u201eVerlinker\u201c sich ausdr\u00fccklich von diesen Inhalten distanziert. Der Autor und Herausgeber dieser Internetseiten distanziert sich deshalb ausdr\u00fccklich von den Inhalten aller durch Links meiner Internetseiten erreichbaren Seiten. Er \u00fcbernimmt deshalb auch keine Verantwortung f\u00fcr die Richtigkeit der betreffenden Inhalte, auch nicht f\u00fcr deren Rechtm\u00e4\u00dfigkeit oder f\u00fcr die Erf\u00fcllung von Urheberrechtsbestimmungen. Der Autor und Herausgeber dieser Internetseiten \u00fcbernimmt auch keinerlei Haftung f\u00fcr Sch\u00e4den materieller oder ideeller Art, die aus der Benutzung oder Nichtnutzung der angebotenen Dienste und deren Informationen entstehen k\u00f6nnen. Hierf\u00fcr haftet ausschlie\u00dflich der Anbieter verlinkter Seiten.<\/p><p class=\"Stil21\">3. Urheber- und Kennzeichenrecht<br \/>Alle Artikel und Bilder des Autors dieser Internetseiten sind urheberrechtlich gesch\u00fctzt und d\u00fcrfen nicht ohne seine Zustimmung kopiert, vervielf\u00e4ltigt oder \u00fcbernommen werden.<br \/>Alle innerhalb der Internetseiten genannten oder dargestellten und ggf. durch Dritte gesch\u00fctzten Marken- und Warenzeichen unterliegen uneingeschr\u00e4nkt den Bestimmungen des jeweils g\u00fcltigen Kennzeichenrechts und den Besitzrechten der jeweiligen eingetragenen Eigent\u00fcmer. Allein aufgrund der blo\u00dfen Nennung oder Darstellung ist nicht der Schluss zu ziehen, dass Marken- und Warenzeichen nicht durch Rechte Dritter gesch\u00fctzt sind.<\/p><p class=\"Stil21\">4. Rechtswirksamkeit dieses Haftungsausschlusses und Urheberrechtserkl\u00e4rung<br \/>Die oben aufgef\u00fchrten Hinweise sind ein Bestandteil der Internetseiten. Sofern Teile oder einzelne Formulierungen dieses Textes der geltenden Rechtslage nicht, nicht mehr oder nicht vollst\u00e4ndig entsprechen sollten, bleiben die \u00fcbrigen Teile des Dokumentes in ihrem Inhalt und ihrer G\u00fcltigkeit davon unber\u00fchrt.<\/p>\t\t\t\t\t\t\t\t<\/div>\n\t\t\t\t<\/div>\n\t\t\t\t\t<\/div>\n\t\t\t\t<\/div>\n\t\t<div class=\"elementor-element elementor-element-43f9234 e-flex e-con-boxed e-con e-parent\" data-id=\"43f9234\" data-element_type=\"container\">\n\t\t\t\t\t<div class=\"e-con-inner\">\n\t\t\t\t\t<\/div>\n\t\t\t\t<\/div>\n\t\t\t\t<\/div>\n\t\t","protected":false},"excerpt":{"rendered":"<p>KONTAKT Gitta Martens GM KunstRaum Pleetz17099 Datzetal OT PleetzRogaer Weg 2 gitta.martens@gmx.de Wenn Sie mich zu Lesungen einladen oder als Sprecherin engagieren wollen, oder das Projekt \u201eEmilie Mayer, Komponistin aus Friedland\u201cmit Lesung, Vortrag und Musikbeispielen buchen wollen, nehmen Sie bitte via e-Mail mit mir Kontakt auf. IMPRESSUM Rechtliche Hinweise Haftungsausschluss und Urheberrecht 1. Inhalt Internetseiten:Der [&hellip;]<\/p>\n","protected":false},"author":1,"featured_media":0,"parent":0,"menu_order":0,"comment_status":"closed","ping_status":"closed","template":"","meta":{"ocean_post_layout":"","ocean_both_sidebars_style":"","ocean_both_sidebars_content_width":0,"ocean_both_sidebars_sidebars_width":0,"ocean_sidebar":"0","ocean_second_sidebar":"0","ocean_disable_margins":"on","ocean_add_body_class":"","ocean_shortcode_before_top_bar":"","ocean_shortcode_after_top_bar":"","ocean_shortcode_before_header":"","ocean_shortcode_after_header":"","ocean_has_shortcode":"","ocean_shortcode_after_title":"","ocean_shortcode_before_footer_widgets":"","ocean_shortcode_after_footer_widgets":"","ocean_shortcode_before_footer_bottom":"","ocean_shortcode_after_footer_bottom":"","ocean_display_top_bar":"default","ocean_display_header":"default","ocean_header_style":"","ocean_center_header_left_menu":"0","ocean_custom_header_template":"0","ocean_custom_logo":0,"ocean_custom_retina_logo":0,"ocean_custom_logo_max_width":0,"ocean_custom_logo_tablet_max_width":0,"ocean_custom_logo_mobile_max_width":0,"ocean_custom_logo_max_height":0,"ocean_custom_logo_tablet_max_height":0,"ocean_custom_logo_mobile_max_height":0,"ocean_header_custom_menu":"0","ocean_menu_typo_font_family":"0","ocean_menu_typo_font_subset":"","ocean_menu_typo_font_size":0,"ocean_menu_typo_font_size_tablet":0,"ocean_menu_typo_font_size_mobile":0,"ocean_menu_typo_font_size_unit":"px","ocean_menu_typo_font_weight":"","ocean_menu_typo_font_weight_tablet":"","ocean_menu_typo_font_weight_mobile":"","ocean_menu_typo_transform":"","ocean_menu_typo_transform_tablet":"","ocean_menu_typo_transform_mobile":"","ocean_menu_typo_line_height":0,"ocean_menu_typo_line_height_tablet":0,"ocean_menu_typo_line_height_mobile":0,"ocean_menu_typo_line_height_unit":"","ocean_menu_typo_spacing":0,"ocean_menu_typo_spacing_tablet":0,"ocean_menu_typo_spacing_mobile":0,"ocean_menu_typo_spacing_unit":"","ocean_menu_link_color":"","ocean_menu_link_color_hover":"","ocean_menu_link_color_active":"","ocean_menu_link_background":"","ocean_menu_link_hover_background":"","ocean_menu_link_active_background":"","ocean_menu_social_links_bg":"","ocean_menu_social_hover_links_bg":"","ocean_menu_social_links_color":"","ocean_menu_social_hover_links_color":"","ocean_disable_title":"default","ocean_disable_heading":"default","ocean_post_title":"","ocean_post_subheading":"","ocean_post_title_style":"","ocean_post_title_background_color":"","ocean_post_title_background":0,"ocean_post_title_bg_image_position":"","ocean_post_title_bg_image_attachment":"","ocean_post_title_bg_image_repeat":"","ocean_post_title_bg_image_size":"","ocean_post_title_height":0,"ocean_post_title_bg_overlay":0.5,"ocean_post_title_bg_overlay_color":"","ocean_disable_breadcrumbs":"default","ocean_breadcrumbs_color":"","ocean_breadcrumbs_separator_color":"","ocean_breadcrumbs_links_color":"","ocean_breadcrumbs_links_hover_color":"","ocean_display_footer_widgets":"default","ocean_display_footer_bottom":"default","ocean_custom_footer_template":"0","footnotes":""},"class_list":["post-341","page","type-page","status-publish","hentry","entry"],"_links":{"self":[{"href":"https:\/\/www.gmkunstraum.de\/gm\/wp-json\/wp\/v2\/pages\/341","targetHints":{"allow":["GET"]}}],"collection":[{"href":"https:\/\/www.gmkunstraum.de\/gm\/wp-json\/wp\/v2\/pages"}],"about":[{"href":"https:\/\/www.gmkunstraum.de\/gm\/wp-json\/wp\/v2\/types\/page"}],"author":[{"embeddable":true,"href":"https:\/\/www.gmkunstraum.de\/gm\/wp-json\/wp\/v2\/users\/1"}],"replies":[{"embeddable":true,"href":"https:\/\/www.gmkunstraum.de\/gm\/wp-json\/wp\/v2\/comments?post=341"}],"version-history":[{"count":82,"href":"https:\/\/www.gmkunstraum.de\/gm\/wp-json\/wp\/v2\/pages\/341\/revisions"}],"predecessor-version":[{"id":2149,"href":"https:\/\/www.gmkunstraum.de\/gm\/wp-json\/wp\/v2\/pages\/341\/revisions\/2149"}],"wp:attachment":[{"href":"https:\/\/www.gmkunstraum.de\/gm\/wp-json\/wp\/v2\/media?parent=341"}],"curies":[{"name":"wp","href":"https:\/\/api.w.org\/{rel}","templated":true}]}}

<div data-elementor-type="wp-page" data-elementor-id="341" class="elementor elementor-341">
				<div class="elementor-element elementor-element-91f258c e-flex e-con-boxed e-con e-parent" data-id="91f258c" data-element_type="container">
					<div class="e-con-inner">
					</div>
				</div>
		<div class="elementor-element elementor-element-35beda9 e-flex e-con-boxed e-con e-parent" data-id="35beda9" data-element_type="container">
					<div class="e-con-inner">
				<div class="elementor-element elementor-element-72e7269 elementor-widget elementor-widget-heading" data-id="72e7269" data-element_type="widget" data-widget_type="heading.default">
				<div class="elementor-widget-container">
					<h2 class="elementor-heading-title elementor-size-default">KONTAKT</h2>				</div>
				</div>
					</div>
				</div>
		<div class="elementor-element elementor-element-60da7e8 e-flex e-con-boxed e-con e-parent" data-id="60da7e8" data-element_type="container">
					<div class="e-con-inner">
				<div class="elementor-element elementor-element-7ab92bb elementor-widget elementor-widget-text-editor" data-id="7ab92bb" data-element_type="widget" data-widget_type="text-editor.default">
				<div class="elementor-widget-container">
									<p>Gitta Martens</p><p>GM KunstRaum Pleetz<br />17099 Datzetal OT Pleetz<br />Rogaer Weg 2</p><p><a href="mailto:gitta.martens@gmx.de">gitta.martens@gmx.de</a></p>								</div>
				</div>
					</div>
				</div>
		<div class="elementor-element elementor-element-9192509 e-flex e-con-boxed e-con e-parent" data-id="9192509" data-element_type="container">
					<div class="e-con-inner">
				<div class="elementor-element elementor-element-2e3d54f elementor-widget elementor-widget-text-editor" data-id="2e3d54f" data-element_type="widget" data-widget_type="text-editor.default">
				<div class="elementor-widget-container">
									<p>Wenn Sie mich zu Lesungen einladen oder als Sprecherin engagieren wollen, oder das Projekt „Emilie Mayer, Komponistin aus Friedland“<br />mit Lesung, Vortrag und Musikbeispielen buchen wollen, nehmen Sie bitte via <a href="mailto:gitta.martens@gmx.de">e-Mail</a> mit mir Kontakt auf.</p>								</div>
				</div>
					</div>
				</div>
		<div class="elementor-element elementor-element-7ddd4da e-flex e-con-boxed e-con e-parent" data-id="7ddd4da" data-element_type="container">
					<div class="e-con-inner">
				<div class="elementor-element elementor-element-28084d2 elementor-widget-divider--view-line elementor-widget elementor-widget-divider" data-id="28084d2" data-element_type="widget" data-widget_type="divider.default">
				<div class="elementor-widget-container">
							<div class="elementor-divider">
			<span class="elementor-divider-separator">
						</span>
		</div>
						</div>
				</div>
					</div>
				</div>
		<div class="elementor-element elementor-element-a2461d7 e-flex e-con-boxed e-con e-parent" data-id="a2461d7" data-element_type="container">
					<div class="e-con-inner">
				<div class="elementor-element elementor-element-7c75560 elementor-widget elementor-widget-heading" data-id="7c75560" data-element_type="widget" data-widget_type="heading.default">
				<div class="elementor-widget-container">
					<h2 class="elementor-heading-title elementor-size-default">IMPRESSUM</h2>				</div>
				</div>
					</div>
				</div>
		<div class="elementor-element elementor-element-ebd70f0 e-flex e-con-boxed e-con e-parent" data-id="ebd70f0" data-element_type="container">
					<div class="e-con-inner">
				<div class="elementor-element elementor-element-ec3b45f elementor-widget__width-initial elementor-widget elementor-widget-text-editor" data-id="ec3b45f" data-element_type="widget" data-widget_type="text-editor.default">
				<div class="elementor-widget-container">
									<p class="Seitentitel Stil21"><span class="Stil21">Rechtliche Hinweise</span></p><p class="Stil21">Haftungsausschluss und Urheberrecht</p><p class="Stil21">1. Inhalt Internetseiten:<br />Der Inhalt dieser Internetseiten wurde mit größtmöglicher Sorgfalt zusammengestellt. Trotz aller Bemühungen sind Irrtümer und Interpretationsfehler möglich. Der Autor übernimmt daher keinerlei Gewähr für die Aktualität, Vollständigkeit, Richtigkeit oder Qualität der bereitgestellten Informationen. Haftungsansprüche gegen den Autor, welche sich auf Schäden materieller oder ideeller Art beziehen, die durch die Nutzung oder Nichtnutzung der dargebotenen Informationen bzw. durch die Nutzung fehlerhafter und unvollständiger Informationen verursacht wurden, sind grundsätzlich ausgeschlossen.</p><p class="Stil21">2. Hinweise oder Links<br />Der Autor erklärt hiermit ausdrücklich, dass zum Zeitpunkt der Linksetzung oder Hinweissetzung keine illegalen Inhalte auf den verlinkten Seiten erkennbar waren.<br />Mit Urteil vom 12.5.1998 (AZ 312 O 85/98) „Haftung für Links“ hat das Landgericht Hamburg entschieden, dass derjenige, der Links zu anderen Webseiten herstellt, die Inhalte der gelinkten Seite ggf. mit verantwortet. Dies kann nach diesem Urteil nur dadurch verhindert werden, dass der „Verlinker“ sich ausdrücklich von diesen Inhalten distanziert. Der Autor und Herausgeber dieser Internetseiten distanziert sich deshalb ausdrücklich von den Inhalten aller durch Links meiner Internetseiten erreichbaren Seiten. Er übernimmt deshalb auch keine Verantwortung für die Richtigkeit der betreffenden Inhalte, auch nicht für deren Rechtmäßigkeit oder für die Erfüllung von Urheberrechtsbestimmungen. Der Autor und Herausgeber dieser Internetseiten übernimmt auch keinerlei Haftung für Schäden materieller oder ideeller Art, die aus der Benutzung oder Nichtnutzung der angebotenen Dienste und deren Informationen entstehen können. Hierfür haftet ausschließlich der Anbieter verlinkter Seiten.</p><p class="Stil21">3. Urheber- und Kennzeichenrecht<br />Alle Artikel und Bilder des Autors dieser Internetseiten sind urheberrechtlich geschützt und dürfen nicht ohne seine Zustimmung kopiert, vervielfältigt oder übernommen werden.<br />Alle innerhalb der Internetseiten genannten oder dargestellten und ggf. durch Dritte geschützten Marken- und Warenzeichen unterliegen uneingeschränkt den Bestimmungen des jeweils gültigen Kennzeichenrechts und den Besitzrechten der jeweiligen eingetragenen Eigentümer. Allein aufgrund der bloßen Nennung oder Darstellung ist nicht der Schluss zu ziehen, dass Marken- und Warenzeichen nicht durch Rechte Dritter geschützt sind.</p><p class="Stil21">4. Rechtswirksamkeit dieses Haftungsausschlusses und Urheberrechtserklärung<br />Die oben aufgeführten Hinweise sind ein Bestandteil der Internetseiten. Sofern Teile oder einzelne Formulierungen dieses Textes der geltenden Rechtslage nicht, nicht mehr oder nicht vollständig entsprechen sollten, bleiben die übrigen Teile des Dokumentes in ihrem Inhalt und ihrer Gültigkeit davon unberührt.</p>								</div>
				</div>
					</div>
				</div>
		<div class="elementor-element elementor-element-43f9234 e-flex e-con-boxed e-con e-parent" data-id="43f9234" data-element_type="container">
					<div class="e-con-inner">
					</div>
				</div>
				</div>
